{"id":11,"date":"2015-09-02T18:02:49","date_gmt":"2015-09-02T18:02:49","guid":{"rendered":"http:\/\/wp1085914.server-he.de\/?page_id=11"},"modified":"2022-09-22T17:34:48","modified_gmt":"2022-09-22T15:34:48","slug":"ueber-mich","status":"publish","type":"page","link":"https:\/\/www.frank-mehren.de\/?page_id=11","title":{"rendered":"\u00dcber mich"},"content":{"rendered":"<p style=\"text-align: justify;\"><span style=\"text-decoration: underline;\"><span style=\"color: #3366ff; text-decoration: underline;\">\u00dcber mich:<a href=\"http:\/\/www.frank-mehren.de\/wp-content\/uploads\/2015\/09\/FM.jpg\" rel=\"attachment wp-att-105\"><img decoding=\"async\" loading=\"lazy\" class=\"wp-image-105 alignright\" src=\"http:\/\/www.frank-mehren.de\/wp-content\/uploads\/2015\/09\/FM-640x553.jpg\" alt=\"FM\" width=\"238\" height=\"206\" srcset=\"https:\/\/www.frank-mehren.de\/wp-content\/uploads\/2015\/09\/FM-640x553.jpg 640w, https:\/\/www.frank-mehren.de\/wp-content\/uploads\/2015\/09\/FM-768x664.jpg 768w, https:\/\/www.frank-mehren.de\/wp-content\/uploads\/2015\/09\/FM-1024x885.jpg 1024w, https:\/\/www.frank-mehren.de\/wp-content\/uploads\/2015\/09\/FM.jpg 1477w\" sizes=\"(max-width: 238px) 100vw, 238px\" \/><\/a><\/span><\/span><\/p>\n<p style=\"text-align: justify;\"><span style=\"color: #3366ff;\">Ich wurde vor nunmehr f\u00fcnf Dekaden direkt an der Nordseek\u00fcste geboren und wuchs dort auf. Nachdem ich nach meiner Schulzeit in Hildesheim Sozialp\u00e4dagogik und anschlie\u00dfend in Bremen Psychologie studierte, zog es mich in den &#8222;klinischen Bereich&#8220;, d.h. ich arbeitete viel mit v.a. k\u00f6rperlich kranken Menschen zusammen.<\/span><\/p>\n<p style=\"text-align: justify;\"><span style=\"color: #3366ff;\">Im Rahmen meiner Berufst\u00e4tigkeit konnte ich so umfangreiche Kenntnisse in der Pneumologie, Kardiologie, Orthop\u00e4die, Rheumatologie und Onkologie sammeln. Ich habe mit Kindern, Jugendlichen und Erwachsenen zusammen gearbeitet, in\u00a0<\/span><span style=\"color: #3366ff;\">Einzelgespr\u00e4chen wie auch in Gruppen.<\/span><\/p>\n<p style=\"text-align: justify;\"><span style=\"color: #3366ff;\">Ich habe Ausbildungen als NLP-Practioner, Asthma- und Bronchitis-Trainer (Bad Reichenhaller Modell) und in hypno-systemischer Kommunikation, Gespr\u00e4chsf\u00fchrung nach M. Erickson. Meine Ausbildung zum psychologischen Psychotherapeuten (Verhaltenstherapie) bei der DGVT in Bonn habe ich im September 2009 erfolgreich abgeschlossen. Psychotherapeutisch habe ich Weiterbildungen in EMDR (EMDR-Institut Deutschland in K\u00f6ln) sowie Schematherapie (IST-K K\u00f6ln) abgeschlossen.<\/span><\/p>\n<p style=\"text-align: justify;\"><span style=\"color: #3366ff;\">Ich bin Mitglied der Psychotherapeutenkammer Westfalen-Lippe und im Arztregister der KV Nordrhein eingetragen. Zudem besitze ich einen vollen Versorgungsauftrag f\u00fcr den Bezirk Lennestadt, kann also mit\u00a0 Patienten aller Kassen abrechnen.<\/span><\/p>\n<p style=\"text-align: justify;\"><span style=\"color: #3366ff;\">Bis 2017 arbeitete ich selbstst\u00e4ndig als psychologischer Psychotherapeut in Bonn. Heute lebe ich mit meiner Frau und meinen beiden Kindern im sch\u00f6nen Sauerland und arbeite als niedergelassener Psychotherapeut in Bilstein\/Lennestadt.<\/span><\/p>\n","protected":false},"excerpt":{"rendered":"<p>\u00dcber mich: Ich wurde vor nunmehr f\u00fcnf Dekaden direkt an der Nordseek\u00fcste geboren und wuchs dort auf. Nachdem ich nach meiner Schulzeit in Hildesheim Sozialp\u00e4dagogik und anschlie\u00dfend in Bremen Psychologie studierte, zog es mich in den &#8222;klinischen Bereich&#8220;, d.h. ich arbeitete viel mit v.a. k\u00f6rperlich kranken Menschen zusammen. Im Rahmen meiner Berufst\u00e4tigkeit konnte ich so <a class=\"more-link\" href=\"https:\/\/www.frank-mehren.de\/?page_id=11\">Weiterlesen&#8230;<\/a><\/p>\n","protected":false},"author":1,"featured_media":0,"parent":0,"menu_order":2,"comment_status":"closed","ping_status":"closed","template":"","meta":[],"_links":{"self":[{"href":"https:\/\/www.frank-mehren.de\/index.php?rest_route=\/wp\/v2\/pages\/11"}],"collection":[{"href":"https:\/\/www.frank-mehren.de\/index.php?rest_route=\/wp\/v2\/pages"}],"about":[{"href":"https:\/\/www.frank-mehren.de\/index.php?rest_route=\/wp\/v2\/types\/page"}],"author":[{"embeddable":true,"href":"https:\/\/www.frank-mehren.de\/index.php?rest_route=\/wp\/v2\/users\/1"}],"replies":[{"embeddable":true,"href":"https:\/\/www.frank-mehren.de\/index.php?rest_route=%2Fwp%2Fv2%2Fcomments&post=11"}],"version-history":[{"count":13,"href":"https:\/\/www.frank-mehren.de\/index.php?rest_route=\/wp\/v2\/pages\/11\/revisions"}],"predecessor-version":[{"id":140,"href":"https:\/\/www.frank-mehren.de\/index.php?rest_route=\/wp\/v2\/pages\/11\/revisions\/140"}],"wp:attachment":[{"href":"https:\/\/www.frank-mehren.de\/index.php?rest_route=%2Fwp%2Fv2%2Fmedia&parent=11"}],"curies":[{"name":"wp","href":"https:\/\/api.w.org\/{rel}","templated":true}]}}